3*j - 3*c, j + 5*c = -2. Suppose h - 67 = -j. Suppose -4*n + h = 3*b, -4*n + b = -2*b - 29. What is the tens digit of n?
1
Suppose 0 = -6*u - 14 + 44. Suppose -u*w - 6*v + 4*v + 487 = 0, 2*v + 107 = w. What is the tens digit of w?
9
What is the tens digit of 172/(-10)*385/(-14)?
7
Suppose 0 = -m + 4*p + 17, -3*p - 69 = -5*m + p. Suppose m*f - 22*f = -306. What is the tens digit of f?
3
Let u(t) be the second derivative of t**4/6 - 2*t**3/3 - 4*t**2 + 9*t. Let n be u(7). Suppose 58 = a + 2*a - 5*d, d = 3*a - n. What is the units digit of a?
1
Suppose -o - a = -6, -a - 48 = -4*o + a. Suppose -3*u - 5 = 3*z + 1, 3*u + 5*z = -o. Suppose -x + 15 + 8 = u. What is the units digit of x?
3
Let d = -312 + 406. Let t be 142/(-3)*(-6)/4. Suppose -t = -5*x + d. What is the tens digit of x?
3
What is the hundreds digit of (-85572)/(-54) + (-1 - 12/(-9))?
5
Let l(n) = -18*n. Let q(k) = 90*k - 1. Let t(y) = -22*l(y) - 4*q(y). Let h be t(2). What is the units digit of (4/((-16)/h))/(-1)?
9
Let h = 162 - -147. What is the hundreds digit of h?
3
Let h = -11 - -18. Suppose 0*k = -h*k + 245. What is the tens digit of k?
3
Let d be (8/(-20) - 0)*-5. Suppose 0 = 4*t - 3*z - 80 - 209, -4*z + 150 = d*t. Suppose 0 = 4*w - t + 5. What is the tens digit of w?
1
Suppose 0 = -2*t + 5*a + 549, -3*t - 4*a - 6 = -887. Suppose -6*j - j + t = 0. What is the tens digit of j?
4
Suppose 3*l + 13*m = 15*m + 10, -2*m = -2*l + 10. Suppose l = 3*x + 6, 2*x - 138 = -2*d + 64. What is the tens digit of d?
0
Let c be 2 + (0/2)/(-5). What is the units digit of 43/(-2 - (-5)/c)?
6
Suppose 2*s + 2*f - 2 - 10 = 0, -2*s + 10 = f. Suppose 121 = s*z - 387. Let x = z + -90. What is the units digit of x?
7
Let c = -38 + -44. Let q be ((-744)/(-60))/(1/10). Let r = q + c. What is the units digit of r?
2
Suppose -2*q = -3*m - 1262, -5*m - 3145 = -5*q - 0*m. What is the tens digit of q?
2
Suppose 655 + 365 = 2*k. What is the tens digit of k?
1
Let v(b) = -4*b**2 + 7*b**2 + 7*b**2 + 4 + 6*b. Let h be v(-2). Suppose 0 = -4*y + 8*y - h. What is the units digit of y?
8
Let c = 53 - 48. Suppose -120 = c*s - 380. What is the tens digit of s?
5
Let l(c) = -3*c**2 - 2*c. Let q be l(1). Let n be (-2 - q)/(3/7). Suppose -4*u = -n - 65. What is the units digit of u?
8
Let g = -82 - -44. Suppose -3*i - 159 = -6*i. Let m = g + i. What is the tens digit of m?
1
Let d(y) = -y + 189. What is the tens digit of d(0)?
8
Suppose -3*q + 5*k + 517 = 0, -3*k = 3*q + 76 - 601. Let a = 272 - q. What is the tens digit of a?
9
Let v = 1349 - -271. What is the units digit of v?
0
Let u be (-2 + (0 - -4))*10. Suppose -3*t + u = 2*t. What is the units digit of 6 - ((-2 - 0) + t)?
4
Suppose -8*y - 17168 = -37*y. What is the units digit of y?
2
Let o = 1719 - 769. What is the tens digit of o?
5
Let n(k) = 4*k**2 - 4*k**2 + 0*k**2 + k**2 - 12*k. Let l be n(12). Suppose -2*d + 0*d + 52 = l. What is the tens digit of d?
2
Let y(r) = -5*r**2 + 216*r + 59. What is the tens digit of y(28)?
8
Let n(u) = -353*u - 95. What is the hundreds digit of n(-5)?
6
Let t = -31 + 106. Let x = t - 50. What is the units digit of x?
5
Let h = -81 + 55. Let u = -25 - h. Let o(l) = 67*l - 1. What is the units digit of o(u)?
6
Suppose 2306 + 295 = 9*w. What is the hundreds digit of w?
2
Let d = 313 + -295. Suppose -w = -6 - 4. Let m = d - w. What is the units digit of m?
8
Let p be (-189)/(-3) + 1/1. Let d be 218/8 + (-16)/p. What is the tens digit of -2 + (d - 0) + -1?
2
Let i = -54 - -21. Let u = -28 - i. Suppose -u*c + 152 = -108. What is the tens digit of c?
5
Suppose v + 20 = 5*n, 0*v + 4 = n + 2*v. Suppose d - 1 = i, 2*d - n = 4*i - 0*d. Let h = i + 30. What is the tens digit of h?
2
Let a be (-1*2)/((-4)/32). Suppose -4*s + q = -q - 6, s + 3*q + a = 0. What is the tens digit of 22 + (2/s)/(-2)?
2
Suppose -3*n - 49104 = -34*n. What is the tens digit of n?
8
Let p be 7/2 + (-2)/(-4). Suppose 5*y - 1125 = -p*y. What is the tens digit of y?
2
Let k be -3 + -4*(-1 + 0). Let i be (k/(-4))/(6/(-2616)). Let f = i + -36. What is the tens digit of f?
7
Let q = 3080 + -1867. What is the hundreds digit of q?
2
Let l = 12 + -11. Suppose -2*i + 4*i - 3*t - 26 = 0, l = -i + 5*t. Suppose -3*f = -i - 20. What is the units digit of f?
3
Let b be 2/(-3)*(-6)/4. Suppose 2*i = 2*c - 56, c + 0*i - 37 = -2*i. What is the units digit of c/4 - b/(-4)?
8
Suppose -3123 = 4*v - 4*w - 9283, 5*v + w = 7694. What is the thousands digit of v?
1
Let n = 38 + -40. Let k(i) = -12*i**3 - 4*i**2 - i + 2. What is the units digit of k(n)?
4
Let b(r) be the third derivative of r**6/120 - r**5/15 - 5*r**4/12 + r**3/2 - 8*r**2. What is the tens digit of b(7)?
8
Let z = -104 + 54. Let q = 81 + z. Suppose h - 20 = q. What is the tens digit of h?
5
Let v(u) = 257*u - 152. What is the units digit of v(4)?
6
Let v(r) = r**3 + 17*r**2 + 13*r - 38. Let q be v(-16). What is the tens digit of 228/(-10)*q/(-4)?
5
What is the thousands digit of ((-2)/4)/(((-36)/23696)/9)?
2
Let q be (-332 - (3 + -2))/(-1). Suppose -q = 2*u - 5*u. Let f = u + -60. What is the units digit of f?
1
Suppose i - 30 = 2*v, 0*v = -2*i + 3*v + 64. What is the units digit of i?
8
Suppose 5*q + 5*t = 20, -16 = 4*q + q - 4*t. Suppose 8*a - a - 602 = q. What is the tens digit of a?
8
Suppose -2*u = 4*n - 34, 2*n = -3*u + 4*u + 7. Suppose -9*f + 189 = -n*f. Let a = -16 + f. What is the tens digit of a?
4
Let d = -438 - -2482. What is the tens digit of d?
4
Let f be 8/3*(-6)/(-4) + -7. What is the tens digit of ((-65)/15)/(f/180)?
6
What is the thousands digit of 6932/6 - ((-28)/6)/7?
1
Let d be 4/((-201)/(-66) - 3). Suppose -d = -12*f + 11*f. What is the tens digit of f?
8
Let h(g) = g**3 - 4*g**2 + 1. Suppose -4*u = -4*m - 4, m + m = -2*u + 18. Let n be h(m). What is the tens digit of ((-3)/n)/(6/(-22))?
1
Suppose 24*m - 8526 - 33114 = 0. What is the thousands digit of m?
1
Let g = 15 + -16. What is the tens digit of (-2 - -1) + (-98)/g?
9
Let m(k) = -4*k - 32. Let i be m(-9). Suppose -1 = -3*f + 8. Suppose -2*y + f*d + 49 = 3*y, -4*y + 44 = -i*d. What is the units digit of y?
8
Let b be (-13)/(2*4/(-56)). Let s = b - 48. What is the tens digit of s?
4
Let n(a) = a**3 - 9*a**2 + 6*a + 2. Let x be n(7). Let t be 14/(-6)*(9 + 3). Let p = t - x. What is the tens digit of p?
2
Let t(b) = 61*b**2 + 2*b - 6. What is the units digit of t(-5)?
9
Let j(s) = 422*s**2 + 20*s - 36. What is the hundreds digit of j(2)?
6
Suppose -3*z + 3015 = 3*b - 3564, -8763 = -4*z + 5*b. What is the tens digit of z?
9
What is the hundreds digit of (-1716)/(-117)*(53 - 2)?
7
Let p be (-192)/(-9) - 6/(-9). Let y = 82 - p. What is the units digit of 8/y - (-266)/30?
9
Let s(g) = g**3 - 11*g**2 + 17*g + 12. Let j(z) = 14*z - 4. Let q be j(1). What is the tens digit of s(q)?
8
What is the units digit of (-348)/(-8)*(-7874)/(-93)?
3
Suppose -4*q = -x - 992, -q = -0*q - 2*x - 255. What is the units digit of q?
7
Suppose z - 2*f = 2412, 2430 + 2 = z + 2*f. What is the tens digit of z?
2
Let m(s) = -s**3 - 3*s**2 - 3*s - 8. Let y be m(-4). What is the units digit of (3 - (-2 - -4))/(1/y)?
0
What is the tens digit of (482*(-27)/63)/(1/(-7))?
4
Suppose -16*j = -2759 - 633. Let k = -96 + j. What is the tens digit of k?
1
Let r(c) be the second derivative of -13*c**6/720 - c**5/60 + c**4/12 + 6*c. Let t(g) be the third derivative of r(g). What is the units digit of t(-2)?
4
Let u(l) = l + 5. Let n be u(-3). Suppose -i + 5*z = 96, n = 2*z - 6. Let x = i - -112. What is the tens digit of x?
3
Suppose -130*i + 123*i = -1330. What is the units digit of i?
0
Let n(v) be the first derivative of 7*v**3/3 - 5*v**2/2 + 15*v + 6. What is the units digit of n(4)?
7
Suppose 2*w + 2*w - 4 = 0, 2*g - 1891 = w. What is the units digit of g?
6
Suppose -2730 = -4*m + 226. What is the units digit of m?
9
Let m(j) = -j + 2. Let c be m(0). Suppose -l + c*l = 3. Suppose 2*x - 6 = -2, a = 2*x + l. What is the units digit of a?
7
Let n(b) = 4*b**2 + 8*b + 23. What is the tens digit of n(9)?
1
Let w(r) = -r**3 + 16*r**2 + 14*r + 31. What is the hundreds digit of w(15)?
4
Let w(v) = -v**3 - 12*v**2 - 12*v - 11. Let l be w(-11). Suppose u = 150 - l. Suppose 3*o + 59 = 2*g, 0 = -5*g - 0*o + 5*o + u. What is the tens digit of g?
3
Let f(q) = q**3 - 13*q**2 - 12*q - 16. Let a be f(14). Let b b